, 5867
What are the prime factors of 366?
2, 3, 61
What are the prime factors of 101202?
2, 3, 101, 167
List the prime factors of 553.
7, 79
What are the prime factors of 27630?
2, 3, 5, 307
What are the prime factors of 39154?
2, 19577
List the prime factors of 77894.
2, 17, 29, 79
What are the prime factors of 51559?
47, 1097
What are the prime factors of 2570?
2, 5, 257
List the prime factors of 62561.
73, 857
List the prime factors of 2103.
3, 701
What are the prime factors of 1024?
2
What are the prime factors of 4573?
17, 269
What are the prime factors of 5930?
2, 5, 593
List the prime factors of 52448.
2, 11, 149
List the prime factors of 14741.
14741
List the prime factors of 2157.
3, 719
What are the prime factors of 1013?
1013
What are the prime factors of 68360?
2, 5, 1709
List the prime factors of 319.
11, 29
What are the prime factors of 2519?
11, 229
What are the prime factors of 1098?
2, 3, 61
List the prime factors of 17410.
2, 5, 1741
What are the prime factors of 7370?
2, 5, 11, 67
List the prime factors of 383.
383
List the prime factors of 2534.
2, 7, 181
List the prime factors of 85747.
19, 4513
What are the prime factors of 2601?
3, 17
What are the prime factors of 1390?
2, 5, 139
List the prime factors of 3792.
2, 3, 79
What are the prime factors of 12204?
2, 3, 113
List the prime factors of 47213.
31, 1523
List the prime factors of 6650.
2, 5, 7, 19
What are the prime factors of 1828?
2, 457
List the prime factors of 20277.
3, 751
What are the prime factors of 2819?
2819
What are the prime factors of 5400?
2, 3, 5
What are the prime factors of 88405?
5, 17681
What are the prime factors of 902?
2, 11, 41
List the prime factors of 3494.
2, 1747
What are the prime factors of 6821?
19, 359
List the prime factors of 13252.
2, 3313
List the prime factors of 2702.
2, 7, 193
What are the prime factors of 16970?
2, 5, 1697
What are the prime factors of 1296?
2, 3
List the prime factors of 4171.
43, 97
What are the prime factors of 4122?
2, 3, 229
List the prime factors of 28537.
28537
What are the prime factors of 1074?
2, 3, 179
List the prime factors of 695.
5, 139
What are the prime factors of 28255?
5, 5651
List the prime factors of 34238.
2, 17, 19, 53
What are the prime factors of 33484?
2, 11, 761
List the prime factors of 4598.
2, 11, 19
List the prime factors of 88191.
3, 41, 239
List the prime factors of 46756.
2, 11689
List the prime factors of 2501.
41, 61
List the prime factors of 4836.
2, 3, 13, 31
List the prime factors of 10447.
31, 337
List the prime factors of 1553.
1553
What are the prime factors of 1584?
2, 3, 11
List the prime factors of 21714.
2, 3, 7, 11, 47
What are the prime factors of 37360?
2, 5, 467
What are the prime factors of 7372?
2, 19, 97
List the prime factors of 29050.
2, 5, 7, 83
What are the prime factors of 36222?
2, 3, 6037
What are the prime factors of 2338?
2, 7, 167
What are the prime factors of 143?
11, 13
List the prime factors of 4316.
2, 13, 83
What are the prime factors of 5903?
5903
What are the prime factors of 1051?
1051
List the prime factors of 111644.
2, 13, 19, 113
What are the prime factors of 6945?
3, 5, 463
List the prime factors of 662.
2, 331
What are the prime factors of 122871?
3, 7, 5851
List the prime factors of 25599.
3, 7, 23, 53
List the prime factors of 6104.
2, 7, 109
List the prime factors of 42235.
5, 8447
What are the prime factors of 12769?
113
What are the prime factors of 482?
2, 241
What are the prime factors of 45303?
3, 15101
What are the prime factors of 11237?
17, 661
List the prime factors of 818.
2, 409
What are the prime factors of 82309?
53, 1553
What are the prime factors of 253?
11, 23
List the prime factors of 69556.
2, 17389
List the prime factors of 3898.
2, 1949
List the prime factors of 86804.
2, 21701
List the prime factors of 9268.
2, 7, 331
List the prime factors of 27470.
2, 5, 41, 67
What are the prime factors of 388?
2, 97
List the prime factors of 20395.
5, 4079
List the prime factors of 8125.
5, 13
List the prime factors of 7810.
2, 5, 11, 71
What are the prime factors of 3629?
19, 191
What are the prime factors of 16196?
2, 4049
List the prime factors of 3473.
23, 151
List the prime factors of 7978.
2, 3989
What are the prime factors of 32085?
3, 5, 23, 31
List the prime factors of 224.
2, 7
What are the prime factors of 66545?
5, 13309
What are the prime factors of 2585?
5, 11, 47
List the prime factors of 6921.
3, 769
List the prime factors of 46452.
2, 3, 7, 79
List the prime factors of 56882.
2, 7, 17, 239
List the prime factors of 115691.
19, 6089
List the prime factors of 14541.
3, 37, 131
List the prime factors of 64542.
2, 3, 31, 347
List the prime factors of 52823.
101, 523
What are the prime factors of 1566?
2, 3, 29
List the prime factors of 2408.
2, 7, 43
List the prime factors of 8814.
2, 3, 13, 113
What are the prime factors of 3830?
2, 5, 383
What are the prime factors of 6030?
2, 3, 5, 67
List the prime factors of 6916.
2, 7, 13, 19
List the prime factors of 8360.
2, 5, 11, 19
List the prime factors of 11335.
5, 2267
What are the prime factors of 28124?
2, 79, 89
List the prime factors of 172.
2, 43
List the prime factors of 2100.
2, 3, 5, 7
What are the prime factors of 1535?
5, 307
What are the prime factors of 19292?
2, 7, 13, 53
What are the prime factors of 1408?
2, 11
List the prime factors of 13136.
2, 821
What are the prime factors of 1412?
2, 353
List the prime factors of 9633.
3, 13, 19
What are the prime factors of 12762?
2, 3, 709
List the prime factors of 17476.
2, 17, 257
List the prime factors of 150242.
2, 43, 1747
What are the prime factors of 786?
2, 3, 131
What are the prime factors of 58573?
58573
List the prime factors of 37886.
2, 19, 997
What are the prime factors of 153450?
2, 3, 5, 11, 31
What are the prime factors of 1322?
2, 661
What are the prime factors of 786?
2, 3, 131
List the prime factors of 14276.
2, 43, 83
What are the prime factors of 11032?
2, 7, 197
List the prime factors of 3649.
41, 89
List the prime factors of 2204.
2, 19, 29
What are the prime factors of 8497?
29, 293
List the prime factors of 1829.
31, 59
What are the prime factors of 102932?
2, 25733
List the prime factors of 550.
2, 5, 11
List the prime factors of 92675.
5, 11, 337
What are the prime factors of 157636?
2, 39409
What are the prime factors of 1424?
2, 89
What are the prime factors of 1644?
2, 3, 137
What are the prime factors of 32890?
2, 5, 11, 13, 23
What are the prime factors of 27930?
2, 3, 5, 7, 19
List the prime factors of 26958.
2, 3, 4493
List the prime factors of 11370.
2, 3, 5, 379
What are the prime factors of 1526?
2, 7, 109
What are the prime factors of 33554?
2, 19, 883
List the prime factors of 117108.
2, 3, 3253
List the prime factors of 480.
2, 3, 5
What are the prime factors of 58359?
3, 7, 397
What are the prime factors of 1349?
19, 71
List the prime factors of 3182.
2, 37, 43
List the prime factors of 1986.
2, 3, 331
List the prime factors of 55584.
2, 3, 193
List the prime factors of 14912.
2, 233
List the prime factors of 36743.
7, 29, 181
What are the prime factors of 9005?
5, 1801
What are the prime factors of 594?
2, 3, 11
List the prime factors of 66586.
2, 13, 197
List the prime factors of 966.
2, 3, 7, 23
List the prime factors of 822.
2, 3, 137
List the prime factors of 3181.
3181
What are the prime factors of 59369?
59369
What are the prime factors of 88819?
88819
What are the prime factors of 3590?
2, 5, 359
What are the prime factors of 27498?
2, 3, 4583
List the prime factors of 1373.
1373
List the prime factors of 95775.
3, 5, 1277
List the prime factors of 2712.
2, 3, 113
What are the prime factors of 24526?
2, 12263
What are the prime factors of 19900?
2, 5, 199
What are the prime factors of 15374?
2, 7687
List the prime factors of 161.
7, 23
List the prime factors of 1756.
2, 439
What are the prime factors of 2208?
2, 3, 23
List the prime factors of 1321.
1321
List the prime factors of 171399.
3, 19, 31, 97
List the prime factors of 25490.
2, 5, 2549
List the prime factors of 16217.
16217
What are the prime factors of 7461?
3, 829
What are the prime factors of 44074?
2, 22037
List the prime factors of 2489.
19, 131
What are the prime factors of 4660?
2, 5, 233
Lis